{"id":206,"date":"2021-03-08T10:15:45","date_gmt":"2021-03-08T10:15:45","guid":{"rendered":"https:\/\/alfa.webs.upv.es\/?page_id=206"},"modified":"2025-12-03T08:31:36","modified_gmt":"2025-12-03T08:31:36","slug":"members","status":"publish","type":"page","link":"https:\/\/alfa.webs.upv.es\/index.php\/members\/","title":{"rendered":"Members"},"content":{"rendered":"\n<p><span style=\"font-weight: 600; color: #993300;\">Staff<\/span><\/p>\n\n\n\n<ul class=\"wp-block-list\">\n<li><span style=\"color: #008080;\"><strong><a style=\"color: #008080;\" href=\"http:\/\/jsempere.webs.upv.es\/\"><span style=\"color: #3366ff;\">Dr. Jos\u00e9 M. Sempere Luna<\/span><\/a><\/strong><\/span><\/li>\n\n\n\n<li><span style=\"color: #3366ff;\"><a style=\"color: #3366ff;\" href=\"http:\/\/personales.upv.es\/dlopezr\"><strong>Dr. Dami\u00e1n L\u00f3pez Rodr\u00edguez<\/strong><\/a><\/span> <span style=\"color: #008080;\"><strong><span style=\"color: #993300;\">(Group coordinator)<\/span><\/strong><\/span><\/li>\n\n\n\n<li><span style=\"color: #3366ff;\"><a style=\"color: #3366ff;\" href=\"http:\/\/www.upv.es\/ficha-personal\/marcamfr\"><strong>Dr. Marcelino Campos Franc\u00e9s<\/strong><\/a><\/span> <\/li>\n<\/ul>\n\n\n\n<p><strong><span style=\"color: #993300;\">Researchers and MsC\/PhD students<\/span><\/strong><\/p>\n\n\n\n<ul class=\"wp-block-list\">\n<li><strong><span style=\"color: #3366ff;\">Raquel Valero Boix<\/span><\/strong> (Predoctoral UPV fellow)<\/li>\n\n\n\n<li><span style=\"color: #3366ff;\"><strong>Aya Elsayed <\/strong><span style=\"color: #000000;\">(Industrial PhD student with Biotech Vana SL)<\/span><\/span><\/li>\n\n\n\n<li><strong><mark style=\"background-color:rgba(0, 0, 0, 0);color:#3366ff\" class=\"has-inline-color\">Jose Luis Mart\u00edn Navarro<\/mark><\/strong> (Predoctoral INCIBE-UPV fellow)<\/li>\n<\/ul>\n\n\n\n<p><span style=\"color: #993300;\"><strong>Former members and collaborators<\/strong><\/span><\/p>\n\n\n\n<ul class=\"wp-block-list\">\n<li><span style=\"color: #3366ff;\"><strong>Dr. Pedro Garc\u00eda<\/strong> (1950-2017)<\/span><\/li>\n\n\n\n<li><strong><mark style=\"background-color:rgba(0, 0, 0, 0);color:#3366ff\" class=\"has-inline-color\">Dr. Manuel V\u00e1zquez de Parga<\/mark><\/strong><\/li>\n\n\n\n<li><span style=\"color: #3366ff;\"><strong>Dr. Tom\u00e1s A. P\u00e9rez<\/strong><\/span><\/li>\n\n\n\n<li><span style=\"color: #3366ff;\"><strong>Dr. Jos\u00e9 Ruiz<\/strong><\/span><\/li>\n\n\n\n<li><span style=\"color: #3366ff;\"><strong>Dr. Antonio Cano<\/strong><\/span><\/li>\n\n\n\n<li><span style=\"color: #3366ff;\"><strong>Dra. Gloria I. \u00c1lvarez<\/strong><\/span><\/li>\n\n\n\n<li><span style=\"color: #3366ff;\"><strong>Dr. Antonio Larriba Flor<\/strong><\/span><\/li>\n<\/ul>\n\n\n\n<p><\/p>\n","protected":false},"excerpt":{"rendered":"<p>Staff Researchers and MsC\/PhD students Former members and collaborators<\/p>\n","protected":false},"author":1,"featured_media":0,"parent":0,"menu_order":0,"comment_status":"closed","ping_status":"closed","template":"","meta":{"footnotes":""},"class_list":["post-206","page","type-page","status-publish","hentry"],"_links":{"self":[{"href":"https:\/\/alfa.webs.upv.es\/index.php\/wp-json\/wp\/v2\/pages\/206","targetHints":{"allow":["GET"]}}],"collection":[{"href":"https:\/\/alfa.webs.upv.es\/index.php\/wp-json\/wp\/v2\/pages"}],"about":[{"href":"https:\/\/alfa.webs.upv.es\/index.php\/wp-json\/wp\/v2\/types\/page"}],"author":[{"embeddable":true,"href":"https:\/\/alfa.webs.upv.es\/index.php\/wp-json\/wp\/v2\/users\/1"}],"replies":[{"embeddable":true,"href":"https:\/\/alfa.webs.upv.es\/index.php\/wp-json\/wp\/v2\/comments?post=206"}],"version-history":[{"count":27,"href":"https:\/\/alfa.webs.upv.es\/index.php\/wp-json\/wp\/v2\/pages\/206\/revisions"}],"predecessor-version":[{"id":361,"href":"https:\/\/alfa.webs.upv.es\/index.php\/wp-json\/wp\/v2\/pages\/206\/revisions\/361"}],"wp:attachment":[{"href":"https:\/\/alfa.webs.upv.es\/index.php\/wp-json\/wp\/v2\/media?parent=206"}],"curies":[{"name":"wp","href":"https:\/\/api.w.org\/{rel}","templated":true}]}}